(base 14) to base 13.
-3
Convert 11 (base 5) to base 9.
6
Convert -7 (base 14) to base 5.
-12
What is 20 (base 5) in base 3?
101
Convert 79 (base 11) to base 6.
222
Convert 41 (base 11) to base 13.
36
What is -3d (base 15) in base 11?
-53
Convert -11001 (base 4) to base 6.
-1253
1 (base 9) to base 12
1
-2 (base 5) to base 4
-2
-16 (base 10) to base 5
-31
Convert -71 (base 9) to base 5.
-224
What is 20010 (base 3) in base 8?
245
What is -1012 (base 3) in base 8?
-40
1331 (base 4) to base 12
a5
What is 283 (base 12) in base 4?
12003
Convert 22 (base 5) to base 3.
110
-42 (base 7) to base 8
-36
What is 3 (base 13) in base 7?
3
13 (base 8) to base 2
1011
3 (base 9) to base 15
3
Convert 434 (base 6) to base 4.
2212
-1 (base 11) to base 15
-1
Convert -45 (base 7) to base 12.
-29
Convert 12102 (base 3) to base 5.
1041
-2 (base 16) to base 13
-2
-23 (base 14) to base 5
-111
Convert 1 (base 14) to base 7.
1
-25 (base 7) to base 12
-17
What is a (base 12) in base 9?
11
4 (base 7) to base 2
100
What is -22 (base 5) in base 8?
-14
1 (base 15) to base 9
1
What is 2 (base 3) in base 15?
2
Convert 5 (base 10) to base 12.
5
What is -2 (base 12) in base 9?
-2
Convert 21 (base 9) to base 12.
17
Convert 0 (base 12) to base 8.
0
Convert -22 (base 14) to base 3.
-1010
What is 110010 (base 2) in base 8?
62
Convert 1 (base 3) to base 16.
1
What is -11203 (base 4) in base 13?
-214
What is 47 (base 11) in base 15?
36
What is -18 (base 9) in base 12?
-15
Convert -3 (base 14) to base 8.
-3
-11 (base 7) to base 15
-8
What is 20 (base 10) in base 11?
19
Convert 2 (base 8) to base 14.
2
15 (base 6) to base 4
23
3 (base 13) to base 6
3
What is 2 (base 6) in base 16?
2
What is 16 (base 11) in base 13?
14
11 (base 3) to base 5
4
-10 (base 3) to base 6
-3
-1 (base 5) to base 9
-1
Convert -2 (base 16) to base 13.
-2
-4 (base 6) to base 10
-4
-23 (base 12) to base 8
-33
What is 57 (base 15) in base 8?
122
Convert -7 (base 13) to base 4.
-13
-304 (base 6) to base 5
-422
102 (base 8) to base 3
2110
Convert -1101 (base 3) to base 14.
-29
What is 3 (base 10) in base 14?
3
114 (base 5) to base 16
22
3 (base 5) to base 9
3
41 (base 15) to base 13
49
What is -112 (base 4) in base 14?
-18
1 (base 8) to base 11
1
Convert 1 (base 16) to base 7.
1
0 (base 4) to base 10
0
What is -11 (base 9) in base 15?
-a
What is b1 (base 15) in base 10?
166
3 (base 16) to base 3
10
61 (base 10) to base 15
41
a (base 16) to base 12
a
Convert -130 (base 8) to base 11.
-80
200 (base 5) to base 15
35
Convert -3 (base 13) to base 3.
-10
What is 2130 (base 4) in base 2?
10011100
What is 267 (base 8) in base 7?
351
Convert -15 (base 7) to base 5.
-22
-9 (base 15) to base 6
-13
What is -2 (base 3) in base 15?
-2
Convert -18 (base 15) to base 6.
-35
-2 (base 8) to base 12
-2
What is 18 (base 16) in base 13?
1b
What is 3 (base 8) in base 7?
3
1213 (base 5) to base 15
c3
Convert -45 (base 8) to base 13.
-2b
Convert 110101 (base 2) to base 3.
1222
-18 (base 11) to base 16
-13
-10 (base 7) to base 2
-111
What is -173 (base 11) in base 10?
-201
de (base 16) to base 13
141
Convert -1 (base 4) to base 10.
-1
What is 4 (base 10) in base 5?
4
Convert b (base 14) to base 11.
10
What is -63 (base 7) in base 6?
-113
-1 (base 10) to base 11
-1
Convert -13 (base 5) to base 2.
-1000
16 (base 7) to base 15
d
What is -12110 (base 3) in base 15?
-9c
Convert -2 (base 15) to base 10.
-2
125 (base 11) to base 9
174
Convert 11 (base 13) to base 16.
e
4 (base 15) to base 5
4
-87 (base 14) to base 15
-7e
What is -b (base 16) in base 11?
-10
-40 (base 16) to base 5
-224
Convert -2 (base 11) to base 3.
-2
Convert -6 (base 13) to base 16.
-6
What is -110 (base 3) in base 11?
-11
What is -52 (base 6) in base 7?
-44
Convert -20 (base 12) to base 10.
-24
1 (base 12) to base 15
1
Convert -11 (base 10) to base 9.
-12
-12 (base 14) to base 16
-10
Convert -333 (base 7) to base 3.
-20100
Convert -7 (base 13) to base 2.
-111
Convert 16 (base 12) to base 3.
200
Convert 21 (base 3) to base 10.
7
4 (base 16) to base 6
4
Convert a (base 11) to base 12.
a
What is -1 (base 12) in base 15?
-1
Convert 95 (base 13) to base 12.
a2
Convert -21012 (base 3) to base 8.
-302
What is -3 (base 10) in base 12?
-3
What is -13 (base 9) in base 10?
-12
-122 (base 14) to base 11
-196
Convert 16 (base 8) to base 16.
e
What is -22 (base 16) in base 10?
-34
What is 74 (base 12) in base 5?
323
9 (base 14) to base 7
12
3 (base 12) to base 10
3
Convert 8 (base 12) to base 8.
10
22 (base 3) to base 2
1000
Convert 5 (base 14) to base 3.
12
1333 (base 4) to base 16
7f
-1001 (base 4) to base 8
-101
What is 138 (base 13) in base 3?
22000
Convert -1100 (base 2) to base 7.
-15
Convert 2232 (base 4) to base 2.
10101110
-8 (base 10) to base 12
-8
4 (base 12) to base 8
4
Convert 233 (base 6) to base 15.
63
-1003 (base 4) to base 13
-52
Convert 6 (base 13) to base 16.
6
-3 (base 4) to base 7
-3
10 (base 11) to base 15
b
Convert -251 (base 6) to base 10.
-103
What is -1 (base 3) in base 6?
-1
What is 3 (base 10) in base 3?
10
What is 110 (base 2) in base 11?
6
Convert -8 (base 9) to base 13.
-8
What is -3 (base 9) in base 7?
-3
Convert -144 (base 16) to base 6.
-1300
Convert 11 (base 12) to base 16.
d
What is -72 (base 11) in base 14?
-59
Convert -11110 (base 2) to base 9.
-33
Convert 11 (base 2) to base 14.
3
Convert -9 (base 12) to base 10.
-9
What is -2212 (base 3) in base 13?
-5c
-314 (base 8) to base 10
-204
What is 1202 (base 3) in base 2?
101111
Convert 0 (base 7) to base 14.
0
Convert 212 (base 3) to base 4.
113
-5 (base 15) to base 2
-101
Convert -1224 (base 5) to base 10.
-189
What is 75 (base 9) in base 14?
4c
Convert 1001010 (base 2) to base 16.
4a
What is 1 (base 16) in base 6?
1
Convert 1 (base 6) to base 9.
1
-26 (base 7) to base 16
-14
Convert -6 (base 14) to base 11.
-6
Convert 23 (base 6) to base 3.
120
Convert -5 (base 13) to base 9.
-5
1320 (base 4) to base 16
78
3 (base 11) to base 3
10
-72 (base 12) to base 2
-1010110
2 (base 10) to base 13
2
-48 (base 12) to base 7
-110
1 (base 15) to base 2
1
What is 0 (base 16) in base 3?
0
Convert -3 (base 6) to base 2.
-11
Convert -2 (base 7) to base 3.
-2
What is 1 (base 14) in base 5?
1
-39 (base 15) to base 5
-204
9 (base 10) to base 15
9
Convert 225 (base 6) to base 10.
89
a (base 13) to base 11
a
What is -20 (base 11) in base 7?
-31
Convert -123 (base 10) to base 15.
-83
Convert 10 (base 12) to base 3.
110
-3 (base 5) to base 8
-3
-14 (base 7) to base 16
-b
What is 0 (base 4) in base 15?
0
Convert 60 (base 10) to base 12.
50
0 (base 7) to base 6
0
What is 1 (base 16) in base 6?
1
What is 120 (base 3) in base 6?
23
0 (base 5) to base 10
0
What is 222 (base 3) in base 11?
24
What is -122 (base 15) in base 6?
-1105
What is -54 (base 11) in base 4?
-323
What is 220 (base 5) in base 14?
44
5 (base 6) to base 16
5
What is -11 (base 2) in base 7?
-3
What is 38 (base 12) in base 6?
112
What is -b0 (base 16) in base 6?
-452
What is -5 (base 9) in base 6?
-5
-3 (base 7) to base 9
-3
-16 (base 7) to base 9
-14
What is -2 (base 9) in base 4?
-2
260 (base 7) to base 8
214
What is 1001 (base 2) in base 4?
21
20 (base 11) to base 8
26
What is -15 (base 6) in base 13?
-b
Convert 2 (base 11) to base 14.
2
What is b (base 12) in base 2?
1011
-33 (base 4) to base 3
-120
What is -2211 (base 4) in base 14?
-bb
-92 (base 12) to base 10
-110
8 (base 9) to base 16
8
What is 6 (base 10) in base 12?
6
Convert 1 (base 15) to base 14.
1
Convert 1 (base 8) to base 5.
1
Convert 17 (base 14) to base 13.
18
What is 1 (base 8) in base 10?
1
3 (base 7) to base 10
3
What is -102 (base 3) in base 9?
-12
3130 (base 4) to base 14
11a
Convert 0 (base 15) to base 4.
0
Convert -1 (base 7) to base 2.
-1
-ac (base 14) to base 13
-b9
Convert 5a (base 14) to base 3.
2222
What is -5 (base 7) in base 12?
-5
Convert -20 (base 10) to base 9.
-22
What is 1 (base 16) in base 13?
1
What is 36 (base 9) in base 4?
201
1 (base 6) to base 9
1
What is 10 (base 6) in base 7?
6
What is 10 (base 4) in base 16?
4
-2 (base 11) to base 2
-10
235 (base 9) to base 10
194
What is -323 (base 6) in base 12?
-a3
9 (base 14) to base 4
21
-1 (base 16) to base 14
-1
-1 (base 14) to base 13
-1
What is -114 (base 5) in base 15?
-24
22 (base 5) to base 15
c
Convert 226 (base 7) to base 16.
7